{"id":54,"date":"2016-11-08T17:36:48","date_gmt":"2016-11-08T16:36:48","guid":{"rendered":"http:\/\/www.graefenstein.de\/mathetornado\/?page_id=54"},"modified":"2016-12-03T13:32:30","modified_gmt":"2016-12-03T12:32:30","slug":"spielregeln","status":"publish","type":"page","link":"http:\/\/www.graefenstein.de\/mathetornado\/spielregeln\/","title":{"rendered":"Spielregeln"},"content":{"rendered":"<p><img loading=\"lazy\" src=\"http:\/\/www.graefenstein.de\/mathetornado\/wp-content\/uploads\/2016\/11\/IMG_1368-300x137.jpg\" alt=\"img_1368\" width=\"600\" height=\"274\" class=\"alignnone size-medium wp-image-55\" srcset=\"http:\/\/www.graefenstein.de\/mathetornado\/wp-content\/uploads\/2016\/11\/IMG_1368-300x137.jpg 300w, http:\/\/www.graefenstein.de\/mathetornado\/wp-content\/uploads\/2016\/11\/IMG_1368-768x350.jpg 768w, http:\/\/www.graefenstein.de\/mathetornado\/wp-content\/uploads\/2016\/11\/IMG_1368-1024x467.jpg 1024w\" sizes=\"(max-width: 600px) 100vw, 600px\" \/><\/p>\n<p>Sollten die Karten im Nachziehstapel aufgebraucht sein ist es nat\u00fcrlich m\u00f6glich alle Karten in den Ablagestapeln, au\u00dfer die oberste,  zu verwenden.<\/p>\n<p><strong>Solo Spiel<\/strong><\/p>\n<p>Mathetornado kann auch alleine gespielt werden. Spiele gegen die Stoppuhr und versuche, deinen eigenen Rekord zu brechen . Als zus\u00e4tzliche Regel verlierst du, wenn du mehr als 8 Karten auf die Hand nehmen musst. <\/p>\n<p>Mathetornado Erkl\u00e4rvideo auf Englisch (Deutsche Version kommt bald)<\/p>\n<figure class=\"wp-block-embed wp-block-embed-youtube is-type-video is-provider-youtube epyt-figure\"><div class=\"wp-block-embed__wrapper\"><iframe  id=\"_ytid_14192\"  width=\"474\" height=\"267\"  data-origwidth=\"474\" data-origheight=\"267\" src=\"https:\/\/www.youtube.com\/embed\/ZFMSOZIfTRk?enablejsapi=1&autoplay=0&cc_load_policy=0&cc_lang_pref=&iv_load_policy=1&loop=0&rel=1&fs=1&playsinline=0&autohide=2&theme=dark&color=red&controls=1&disablekb=0&\" class=\"__youtube_prefs__  no-lazyload\" title=\"YouTube player\"  allow=\"fullscreen; accelerometer; autoplay; clipboard-write; encrypted-media; gyroscope; picture-in-picture; web-share\" referrerpolicy=\"strict-origin-when-cross-origin\" allowfullscreen data-no-lazy=\"1\" data-skipgform_ajax_framebjll=\"\"><\/iframe><\/div><\/figure>\n","protected":false},"excerpt":{"rendered":"<p>Sollten die Karten im Nachziehstapel aufgebraucht sein ist es nat\u00fcrlich m\u00f6glich alle Karten in den Ablagestapeln, au\u00dfer die oberste, zu verwenden. Solo Spiel Mathetornado kann auch alleine gespielt werden. Spiele gegen die Stoppuhr und versuche, deinen eigenen Rekord zu brechen . Als zus\u00e4tzliche Regel verlierst du, wenn du mehr als 8 Karten auf die Hand &hellip; <a href=\"http:\/\/www.graefenstein.de\/mathetornado\/spielregeln\/\" class=\"more-link\"><span class=\"screen-reader-text\">Spielregeln<\/span> weiterlesen <span class=\"meta-nav\">&rarr;<\/span><\/a><\/p>\n","protected":false},"author":1,"featured_media":0,"parent":0,"menu_order":0,"comment_status":"closed","ping_status":"closed","template":"","meta":[],"_links":{"self":[{"href":"http:\/\/www.graefenstein.de\/mathetornado\/wp-json\/wp\/v2\/pages\/54"}],"collection":[{"href":"http:\/\/www.graefenstein.de\/mathetornado\/wp-json\/wp\/v2\/pages"}],"about":[{"href":"http:\/\/www.graefenstein.de\/mathetornado\/wp-json\/wp\/v2\/types\/page"}],"author":[{"embeddable":true,"href":"http:\/\/www.graefenstein.de\/mathetornado\/wp-json\/wp\/v2\/users\/1"}],"replies":[{"embeddable":true,"href":"http:\/\/www.graefenstein.de\/mathetornado\/wp-json\/wp\/v2\/comments?post=54"}],"version-history":[{"count":7,"href":"http:\/\/www.graefenstein.de\/mathetornado\/wp-json\/wp\/v2\/pages\/54\/revisions"}],"predecessor-version":[{"id":67,"href":"http:\/\/www.graefenstein.de\/mathetornado\/wp-json\/wp\/v2\/pages\/54\/revisions\/67"}],"wp:attachment":[{"href":"http:\/\/www.graefenstein.de\/mathetornado\/wp-json\/wp\/v2\/media?parent=54"}],"curies":[{"name":"wp","href":"https:\/\/api.w.org\/{rel}","templated":true}]}}